t common divisor of 120 and u.
24
Let p(h) = 126*h - 77. Let c be p(1). What is the highest common factor of c and 1421?
49
Let z(r) = 4*r**2 - 27*r + 2. Let f be z(7). Let s = 5 - -13. Suppose 5*h - 6*h + s = 3*p, -h + 5*p - 6 = 0. Calculate the highest common divisor of f and h.
9
Let n be 82*(5 - 9/2). Calculate the highest common factor of n and 41.
41
Suppose -2*g + 2*x + 4 = -6, -g = 2*x + 7. Let i be 96/g + (-8 - -11). Calculate the highest common factor of i and 33.
33
Let l be 8/(-12) - 17/(-3). Suppose 0 = -3*y + l + 28. Let m(r) = 2*r**2 + 3*r + 1. Let c be m(-6). Calculate the highest common factor of c and y.
11
Let x(s) be the second derivative of s**4/12 + s**3/6 + 99*s**2/2 - 19*s. Let k be x(0). Calculate the greatest common divisor of k and 9.
9
Let b be 466/14 - (-16)/(-56). Calculate the greatest common divisor of 759 and b.
33
Suppose 2*c - 269 = -3*h, 0 = -c + 3*c - 4*h - 234. Suppose c - 7 = l. What is the highest common factor of l and 24?
24
Let o(f) = f**2 + 3*f. Suppose 0 = -2*x + 3 + 1, -x + 14 = -3*j. Let b be o(j). Suppose -t - t = -b. Calculate the highest common divisor of t and 10.
2
Let r = 327 - 231. Let s = -466 - -478. What is the highest common factor of r and s?
12
Let g(q) = -q**3 - 6*q**2 - q + 26. Let v be g(-5). Suppose -c = -f - 15, -v*c = -c + f - 81. Calculate the highest common factor of c and 48.
16
Suppose 98*c = 4*p + 93*c - 5573, -4*c + 4203 = 3*p. What is the highest common divisor of p and 381?
127
Suppose -3*r + 74 + 25 = 0. Let m = 9 - -13. Let a be (m/(-4))/((-3)/6). What is the greatest common divisor of r and a?
11
Suppose x + 4*t - 318 = 0, -11*x + 12*x + t = 309. Calculate the highest common divisor of x and 34.
34
Suppose 31*k = 15*k + 5280. Let w be 1 + 0 - (-3 + 1). Suppose 2*u + 2*q = -3*u + 156, w*q - 99 = -3*u. What is the highest common factor of k and u?
30
Suppose 84 = 4*o - 76. Suppose 5*n - 27 = 53. Calculate the highest common factor of n and o.
8
Suppose 5*x - 5*l = 9 + 11, 26 = 2*x + 4*l. Let h = -2 - -7. Suppose -253 = -5*w + 4*z, 4*w - z = -h*z + 188. Calculate the greatest common factor of w and x.
7
Suppose 277*r + 176 = 288*r. Calculate the greatest common factor of r and 148.
4
Let a(n) = -3*n**3 - 2*n - 1. Let q be a(-1). Let r(y) = 2*y - q + 0 + 0 - 5. Let d be r(7). What is the highest common factor of d and 1?
1
Let w(i) = i**2 - i - 4. Let z be -2 - -1 - (-6 - 0). Suppose -u = -z - 1. Let x be w(u). What is the greatest common divisor of x and 39?
13
Let v(r) = 3 + 61*r**3 - 41*r**3 - 1 - 3*r**2 + 2*r. Let w be v(2). What is the highest common divisor of 22 and w?
22
Suppose 0 = -10*a + 331 + 29. What is the highest common divisor of 4 and a?
4
Let a(q) = q**3 - 18*q**2 - 12*q - 18. Let d be a(19). Calculate the greatest common factor of 15 and d.
5
Let g = 1785 + -1524. Calculate the greatest common divisor of g and 9.
9
Suppose 62 = -36*v + 386. Suppose 3*w + w = 72. Calculate the highest common factor of v and w.
9
Let i be ((-312)/30)/((-4)/70). Suppose -f - 24 + 37 = -a, f + 4*a - 18 = 0. Calculate the highest common factor of f and i.
14
Let j be 16/(-6)*(-3)/2. Suppose 47 = 4*s + 4*q - 81, -5*s = j*q - 158. Let u = 5 + 1. Calculate the greatest common factor of s and u.
6
Let k(s) be the first derivative of -s**3/3 + 11*s**2/2 - 2*s + 13. Let n be k(7). What is the highest common factor of n and 234?
26
Suppose 4 = v + q - 6, -20 = -2*v - 5*q. Let j be (-32)/6*(-150)/20. Suppose 2*x = -2*x + j. Calculate the greatest common factor of x and v.
10
Suppose 5*r = 6*r - 21. Calculate the greatest common factor of 483 and r.
21
Suppose 53*m - 8532 = 50*m - 3*h, 0 = -4*m - h + 11388. Calculate the highest common factor of 16 and m.
16
Let v be (-8)/(-56) - (-12)/14. Suppose n + v = 12. What is the greatest common factor of n and 121?
11
Let z = 1103 - 1098. What is the highest common divisor of z and 320?
5
Let k = 512 + -99. Calculate the greatest common divisor of 59 and k.
59
Suppose 0 = 5*v + 4*v. Let x be (v - (-1 + 2))*-14. Calculate the highest common factor of 112 and x.
14
Let i(c) = 7*c + 1. Let p be i(7). Suppose 13*z - 12*z - 158 = 0. Let q = 283 - z. What is the highest common divisor of p and q?
25
Suppose -5805 = -5*f + 5*a, 0 = -f + 6*f + 5*a - 5835. Calculate the highest common divisor of f and 12.
12
Let m be 18*((-180)/8)/9. Let t = -44 - m. What is the highest common factor of 3 and t?
1
Let x = -24 + 41. Suppose -y + 4 = 2*t, y + y = -5*t + 12. Suppose -4*v - 134 = -t*j + 334, -4*j + 486 = 5*v. Calculate the greatest common factor of j and x.
17
Suppose 122 = 9*t - 112. Let f = t - 17. Let d be 90 + (0/(-1))/(-2). What is the greatest common factor of f and d?
9
Suppose 59*a - 2852 - 1986 = 0. Calculate the greatest common factor of a and 2542.
82
Let u = 550 + -528. Let y(p) = 9*p**2 - 3*p + 3. Let n be y(2). Calculate the highest common divisor of u and n.
11
Suppose 76 = 4*v - 384. Let z be (1 - 6/4)*66. Let r = z + 79. Calculate the greatest common divisor of v and r.
23
Suppose 130*v = -547 + 9907. Calculate the greatest common factor of 1248 and v.
24
Let v(w) = w**2 - 31*w - 77. Let g be v(-3). What is the highest common factor of g and 1125?
25
Let r(t) = t**3 - 13*t**2 + 13*t + 3. Let d be r(12). Let u = 223 - 118. Calculate the greatest common factor of d and u.
15
Suppose -19*i + 24*i = 65. Suppose -y = -4*r - r + 19, 5*r - i = 2*y. What is the greatest common divisor of 2 and y?
2
Let f(h) = -15*h**2 - 7*h + 0*h - 2 + 19*h**2 + h**3. Let o be f(-5). Let j be -3 - o/(2/(-1)). Calculate the greatest common factor of j and 7.
1
Let a be (-38880)/(-1500) - (1 - (-81)/(-75)). Calculate the greatest common factor of a and 39.
13
Let u(n) = 38*n - 94. Let a be u(5). What is the highest common factor of 64 and a?
32
Let x be -97*1*(-2 + 3). Let f = -32 - x. Suppose -3*n - 10*n = -338. What is the highest common divisor of f and n?
13
Let h(u) = u**3 - 5*u**2 - 5*u - 60. Let t be h(7). What is the highest common divisor of t and 51?
3
Suppose -4*m = -111 - 1. Let l be (3/7)/3 + 1160/14. Suppose 5*s - 395 = -5*g, 2*g - l = -s - 9. Calculate the greatest common divisor of m and s.
28
Let l(v) = 3*v**2 - v - 16. Let a be l(-5). Suppose -a = -3*y - 4*q, 4*y + 2*q - 90 + 8 = 0. What is the greatest common factor of 4 and y?
4
Let v be ((-459)/(-18))/17*2. Suppose u - 6*u + 15 = 0. What is the greatest common factor of u and v?
3
Let s(p) = -2*p**2 + 11*p - 15. Let i be s(7). Let v(l) = 40*l**3 - l**2 + 1. Let t be v(1). Let f = t + i. What is the highest common factor of f and 10?
2
Let v(i) = i. Let m be v(-5). Let u be (4/m)/((-2)/135). Calculate the highest common divisor of u and 6.
6
Suppose -7*y + 15 = 1. Suppose -4*s - x = -y*x - 255, 237 = 4*s + 5*x. Suppose 5*v = -0*v + 210. Calculate the highest common divisor of v and s.
21
Suppose 84 = 2*v - 4*s, -2*s - 6 + 120 = 2*v. Suppose -2*d + 16 = 2*l - 2, d = 2*l - 30. Calculate the highest common factor of v and l.
13
Let b be 9050/8 + 7/(-28) + -1. Calculate the greatest common divisor of 10 and b.
10
Let z = 34 + -30. Suppose -g + 30 = -z*n + 212, g = -3*n + 133. Calculate the highest common divisor of n and 5.
5
Suppose 5*o + 5*h = 75, -2*h = o - 13 - 1. What is the greatest common divisor of o and 1664?
16
Let u be (-6)/(-4)*10/3. Suppose -37 + 7 = u*y. Let o = y + 16. What is the highest common factor of o and 30?
10
Suppose -98 = -6*t + 4*t - w, t - 2*w - 44 = 0. What is the greatest common factor of t and 192?
48
Let d = -320 - -326. What is the highest common factor of d and 174?
6
Let v = 973 - 610. Calculate the greatest common divisor of v and 33.
33
Let t = -4 + 11. Let n = -72 - -68. Let w = n + t. Calculate the highest common factor of 27 and w.
3
Let o be 1 - (-2 - -3) - -2. Suppose 3*t - 5 = o*t. Calculate the greatest common factor of t and 5.
5
Suppose 0 = 4*n + 3*v + v - 72, -2*n + 20 = -2*v. Suppose -21 - n = -5*m. What is the greatest common factor of m and 21?
7
Let g = 51 - 47. Suppose c + 2*x = -2*c + 7, g*x = 3*c + 5. What is the greatest common divisor of c and 3?
1
Let j(z) = 15*z + 17*z - 24 - 26*z. Let i be j(6). Calculate the highest common divisor of 3 and i.
3
Let v(j) = -5*j + 11 + 8 + 12 - 7. Let f be v(-6). Calculate the greatest common divisor of 